g. Let c(o) = -o + 3. Determine c(z).
-2
Let m(v) be the third derivative of v**9/60480 + v**8/3360 + v**7/1008 + v**6/720 + v**5/30 - v**2. Let j(f) be the third derivative of m(f). Give j(-5).
1
Let m(b) = 4 - 3*b - 2 + 1 + 2*b. Let d be m(3). Let c(n) = n**3 - n**2 - n - 7. Give c(d).
-7
Suppose -5*j + 24 = -1. Let c(o) = j*o**3 - 13*o**3 + 5*o**3. Calculate c(1).
-3
Let l(n) = n**2 - n. Let f = -18 - -18. Suppose 3*w + 15 = 5*y - f*w, -2*w - 10 = -4*y. Determine l(y).
0
Suppose -3*w + 5*w = 4*t - 8, 0 = -4*t - 2*w + 8. Let y(i) = i**3 + 2 + 5*i**t + 3*i - 6 + 3 + i. Let o(n) = -n**2 + 3*n + 1. Let j be o(4). Give y(j).
5
Let x(q) be the first derivative of -q**2/2 - 5. Calculate x(-2).
2
Let h(u) = 4*u + 1. Suppose -2*l - 4 = -6*l. Let p = 4 - l. Suppose -2*v = -p - 1. Calculate h(v).
9
Let y be ((-2)/3)/((-1)/12). Let j = -6 + y. Let o(s) = -s**2 + 1 + 0*s**2 + 0*s + s. What is o(j)?
-1
Let q(d) = -8 + 27 - 15 + 2*d - 3*d. Suppose -5*l - 16 = -w, -2*w - 2 = -w + 4*l. Calculate q(w).
-2
Let l(m) = 7*m - 3. Let f be l(2). Let p(o) = 10*o**2 + 3*o + 7. Let c(k) = -19*k**2 - 6*k - 13. Let s(a) = f*p(a) + 6*c(a). Determine s(-2).
-11
Let z(m) = m + 1. Let w(s) = -2*s - 5. Let n(l) = -w(l) - 5*z(l). Calculate n(3).
-9
Suppose -4*s = -0*s + 8. Let i = 1 - s. Let d(t) = -3 + i*t + 3. Determine d(-2).
-6
Let a = -6 - -9. Let c(k) = k**2 + 5 + k**a - 5. Suppose 0 = -d - 2*d. What is c(d)?
0
Suppose 4*k = -4*w + 4, -5*k - 2*w + 16 = -1. Suppose 2*o = -k*m + 31, 5*m + 0*m = 5*o + 10. Let h(x) = -4*x + 5*x + x - x. Calculate h(o).
3
Let g = 3 - 5. Let v(s) = -2*s + 4. Let m be v(1). Let r(i) = -2*i**2 + 5*i + 0*i**m + i**2 - 3*i. What is r(g)?
-8
Suppose 4*r + r = 0. Let c(n) be the third derivative of 1/6*n**3 + 1/60*n**5 + 1/12*n**4 + 0 + 2*n**2 + r*n. Determine c(-2).
1
Let b(i) = i**2 - 3*i + 5. Let c = 7 - 3. Determine b(c).
9
Let x(g) = -8*g**3 - g**2 + g. Let u = -3 - -5. Suppose 0 = 2*i + u*i - 16. Suppose j + 4*j - n - 6 = 0, -4 = i*n. Determine x(j).
-8
Let d(c) = -11 + 6*c**2 + 4 + c + 6. What is d(1)?
6
Let h(v) = 2*v**2 + 10*v + 17. Let m(i) = -i**2 - 5*i - 9. Let t(f) = 4*h(f) + 7*m(f). Suppose 0 = -5*w + 3*n - 40, 3*w + n = -8 - 2. Give t(w).
5
Let b(x) be the third derivative of x**5/60 + x**4/8 - x**3/6 - 4*x**2. Give b(-4).
3
Let i(g) = -3*g + 2. Let c(a) = 4*a**3 - a**2 + 4*a + 3. Let s(x) = -x**3 - x**2 - x. Let z(q) = -c(q) - 3*s(q). Let h be z(3). Calculate i(h).
-7
Suppose 7 - 27 = 5*q. Let l be q/6 - (-88)/24. Let f(g) = 2*g - 8 + 10 - l*g. Calculate f(3).
-1
Let j = -7 - -3. Let v(r) = -r + 1. Give v(j).
5
Suppose 8 + 12 = -4*d. Let r = 6 + d. Let z(q) = 4*q**2 + q - 1. Give z(r).
4
Let r(k) = -k**3 - 6*k**2 + 16*k - 5. Let c be r(-8). Let h(z) = 2*z. What is h(c)?
-10
Let c = 3 + -1. Suppose -4*m + 2 = -4*n + 26, 2*n + 8 = -c*m. Let z(w) = -5*w**3 - w**2 + 1. Determine z(n).
-5
Let o(z) = -2*z - 3. Let j be o(-1). Let s(d) = d**3 - d**2 + d + 1. Calculate s(j).
-2
Let s(a) be the third derivative of a**4/24 + a**3 + a**2. Let m = 360 + -365. What is s(m)?
1
Let y be 1/3 + 16/(-3). Let f(u) = -7*u**2 - u + 1. Let g(t) = -11*t**2 - t + 1. Let m be -4*(4 + (-4 - -2)). Let z(p) = m*f(p) + 5*g(p). What is z(y)?
7
Let g(h) = -4*h**3 + 4*h**2 - 5*h + 2. Let y(q) = 5*q**3 - 3*q**2 + 6*q - 1. Let b(p) = -6*g(p) - 5*y(p). Calculate b(-9).
-7
Let r(y) = 5*y + 7. Let a(i) = -11*i - 13. Let v(j) = 2*a(j) + 5*r(j). Determine v(-6).
-9
Let o(v) = -v**3 - 23*v**2 - 29*v**2 - 2*v + 55*v**2. Determine o(2).
0
Let x(k) = k**2 - k + 1. Let m be x(1). Let c(j) = 10*j**2 - 7. Let u(r) = 9*r**2 - 6. Let p(q) = 5*c(q) - 6*u(q). Give p(m).
-3
Let u(m) = -9*m - 8. Let z(f) = 4*f + 4. Let d(y) = -3*u(y) - 7*z(y). Suppose 5*q = -n + 5, 4*n + 0*n + q - 1 = 0. Determine d(n).
-4
Let q(l) = l**3 - 5*l**2 + l + 2. Let i(h) = h**3 + 7*h**2 - h - 6. Let t be i(-7). Suppose -2*r - 10 = -2*u, 2*r + t = 3*u - 13. Calculate q(u).
-10
Let t(q) = q**2 - 14*q + 22. Let f be t(12). Let p(k) = -k**2 - k + 1. What is p(f)?
-1
Let g(s) = -8*s**2 - 7*s - 7. Let f(c) = 7*c**2 + 7*c + 7. Let n(t) = 7*f(t) + 6*g(t). What is n(-5)?
-3
Let b = 10 - 4. Suppose -8*x + b*x = -2. Let w(m) = -4*m. Give w(x).
-4
Let k(f) = -2*f**2 - 17*f - 2. Let q(j) be the second derivative of -j**4/12 - 3*j**3/2 - j**2/2 + j. Let x(v) = 4*k(v) - 7*q(v). What is x(-4)?
3
Let m(h) = -3*h**2 - 9*h + 4*h**2 + 2*h. Give m(5).
-10
Let o(a) be the first derivative of -a**2/2 + 3*a + 2. Suppose 0*c = -c. Determine o(c).
3
Suppose -v - 21 = 2*v. Let t = 12 + v. Let c(x) = -x**3 + 7*x**2 + 4*x - 9. Let u(k) = -2*k**3 + 13*k**2 + 9*k - 17. Let a(p) = 5*c(p) - 3*u(p). What is a(t)?
-4
Let f(v) = -7*v**3 + 6*v**3 + 0*v**2 - 3*v**2. Give f(-4).
16
Suppose -5*c + 23 = 2*v, -2*v + 2*c = 6*c - 20. Let q = -1 - -4. Suppose v*w = 20, q*w - 25 = -5*f - 0. Let z(r) = -r**2 + r - 1. Determine z(f).
-3
Let w(x) = x**3 + 3*x**2 - 4*x. Suppose n = 3*n + 8. What is w(n)?
0
Let d(k) = k - 2*k**2 - 2*k + 0*k - 8*k**2. What is d(-1)?
-9
Let r(x) = -x + 1 - x**2 + 3 + 0*x**2. Determine r(0).
4
Suppose -4*b - 5 = -17. Suppose 0*l = b*o + 5*l, 0 = l. Suppose o = -h - 4*x + 16, 0 + 4 = 4*h + 4*x. Let z(v) = v + 1. Determine z(h).
-3
Suppose 3*a = -4*h - 17, 3*a + 0 = -h - 2. Let l(k) = -k. Let u(c) = -5. Let d(m) = 9. Let b(p) = 4*d(p) + 7*u(p). Let t(o) = a*l(o) + b(o). Determine t(-5).
6
Let h(d) = -d**3 + d**2 + d + 1. Let w(t) = 5*t**3 - 10*t**2 - 5. Let i(k) = 4*h(k) + w(k). Calculate i(5).
-6
Suppose 28*n - 31*n = 0. Let b(i) = i + 0*i + 1 - 2*i. Give b(n).
1
Let g(t) be the third derivative of -t**5/60 + t**4/6 + 4*t**3/3 - 5*t**2. Determine g(6).
-4
Suppose 13*b - 12 = 11*b. Let a(i) = -2*i + 6. Determine a(b).
-6
Suppose -2*u = 2*b, 3*u - 5*b - 10 = -2. Let g(o) = 2*o + u + 1 - 3*o**3 - 4*o**2 + 4*o**3. Let v(p) = p + 1. Let n be v(1). Determine g(n).
-2
Let g(w) = 3*w**2 - 34*w + 12. Let a(l) = 2*l**2 - 23*l + 8. Let c(p) = -7*a(p) + 5*g(p). What is c(8)?
-4
Let b = 6 - 11. Let z be (-27)/(-1)*4/12. Let y(u) = -u. Let q(r) = 2*r - 1. Let n(w) = z*y(w) + 4*q(w). Give n(b).
1
Let h = 17 + -11. Let u(s) = h - 10 - 7*s + 5 + s**2. Determine u(6).
-5
Let r(f) = 5*f - 1. Suppose 0 = -56*m + 60*m + 4. Give r(m).
-6
Let h(d) be the second derivative of -d**5/20 + d**4/4 + d**3 - d**2/2 + 3*d. Calculate h(4).
7
Let h(r) be the first derivative of -5*r**2 - r - 24. What is h(1)?
-11
Let g(h) = 9*h**3 + 5*h**2 + 1 - 7*h**3 - 7*h - h**3. Calculate g(-6).
7
Let i(s) = 9*s**3 + 2*s**2 + 2*s + 1. Suppose -3*a = 5*v - 18, -2*v + 0 - 24 = -4*a. Let z = a - 3. Suppose c - 4*c - z = 0. Give i(c).
-8
Let o(t) be the second derivative of t**4/24 + 2*t**3/3 - t**2/2 + 9*t. Let g(y) be the first derivative of o(y). Calculate g(-4).
0
Let z be 8/(-6) + 0 - 25/(-3). Let g(l) = -3*l + 4. What is g(z)?
-17
Suppose 5*s + 0 = -20. Let f(l) = -6*l**2 + 2*l - 3. Let z(q) = q**2 - q. Let o(y) = -f(y) - 5*z(y). Determine o(s).
7
Let h(m) = m**2 + m - 1. Let j = -14 - -8. Let r(v) = -2*v**2 - 2*v + 2. Let k(g) = j*r(g) - 11*h(g). What is k(-2)?
1
Let u(k) be the first derivative of k**4/4 + k**3/3 + 3*k**2/2 + k - 2. Give u(-2).
-9
Let k be 4 + (-5 - -3) + 2. Let g(b) = b**2 - 2*b - 5. Let w be g(k). Let s(r) = -12*r**3 + 11*r**3 - w*r**2 + 6 - 3*r**2. Calculate s(-6).
6
Let j(x) = -5*x**3 + 23*x**2 + 24*x - 33. Let y(v) = v**3 - 6*v**2 - 6*v + 8. Let n(a) = -2*j(a) - 9*y(a). Determine n(-7).
1
Let l(s) = s**3 + 5*s**2 - s + 5. Suppose 0 = n - 4 + 2. Suppose 5*g + 4*f + 0*f = 21, -n*g + 6 = 4*f. Suppose -q - g = -0*q. Calculate l(q).
10
Let f(k) = 4*k**2 + k - 1. Suppose 0*s = -4*g + s - 1, -5*g - 5 = -2*s. Give f(g).
4
Suppose -2*x - p + 11 = x, 2 = 2*x + 2*p. Suppose -2*f = 2*f - 24. Let h(r) = 4*r**2 - f*r + 0*r**2 + 5 + 2 - 3*r**2. Calculate h(x).
2
Let w(n) be the first derivative of -2*n**3/3 + n**2 - 3*n - 6. What is w(2)?
-7
Let d(v) = -v**2. Let u(b) = -b**3 + 5*b**2 - 5*b - 7. Let z(t) = 2*d(t) - u(t). Let j = -3 - -9. What is z(j)?
1
Let j(n) be the first derivative of 5*n**3/6 + n**2/2 + 6*n - 1. Let w(f) be the first derivative of j(f). Let m = 2 - 1. What is w(m)?
6
Suppose 5*m - 4*m + 1 = 0. Let v = m + 0. Let y be -3 + (1 - v) + 3. Let k(u) = 2*u**2 - u + 1. Determine k(y).
7
Let c(h) = 4*h**3 + 1. Let r be c(1). Let a(j) = -2*j +